of 41881766?
1
What is the units digit of 1919947043?
3
What is the ten millions digit of 19534422?
1
What is the hundreds digit of 183396240?
2
What is the ten thousands digit of 303585036?
8
What is the millions digit of 90043072?
0
What is the hundreds digit of 354347041?
0
What is the hundred thousands digit of 15031183?
0
What is the thousands digit of 1607716?
7
What is the thousands digit of 84512357?
2
What is the hundred thousands digit of 373433794?
4
What is the ten millions digit of 109168161?
0
What is the tens digit of 1403963?
6
What is the units digit of 2123746552?
2
What is the hundreds digit of 6190447593?
5
What is the tens digit of 451244229?
2
What is the ten thousands digit of 3169496554?
9
What is the hundreds digit of 598146?
1
What is the thousands digit of 217971738?
1
What is the units digit of 618804601?
1
What is the hundred thousands digit of 2289813653?
8
What is the ten thousands digit of 198336026?
3
What is the hundreds digit of 89496443?
4
What is the millions digit of 2554931868?
4
What is the ten thousands digit of 11003113?
0
What is the hundred millions digit of 811772115?
8
What is the millions digit of 3614873473?
4
What is the units digit of 29989663?
3
What is the thousands digit of 97609587?
9
What is the thousands digit of 89394733?
4
What is the hundred millions digit of 2602788702?
6
What is the tens digit of 25227501?
0
What is the ten millions digit of 1469344022?
6
What is the millions digit of 1817203788?
7
What is the hundred thousands digit of 154897678?
8
What is the ten millions digit of 87649107?
8
What is the tens digit of 55937648?
4
What is the hundreds digit of 432891850?
8
What is the hundred thousands digit of 6375663956?
6
What is the ten thousands digit of 437541093?
4
What is the millions digit of 691561844?
1
What is the hundred thousands digit of 458025331?
0
What is the thousands digit of 66586153?
6
What is the units digit of 11220081?
1
What is the hundreds digit of 412973705?
7
What is the ten millions digit of 21922964?
2
What is the tens digit of 5192945?
4
What is the millions digit of 112791096?
2
What is the hundred thousands digit of 799181852?
1
What is the tens digit of 454565303?
0
What is the ten thousands digit of 6684797879?
9
What is the thousands digit of 22031813?
1
What is the thousands digit of 687096781?
6
What is the billions digit of 6810990545?
6
What is the units digit of 4261399792?
2
What is the hundreds digit of 13207181?
1
What is the hundred millions digit of 137350119?
1
What is the thousands digit of 74539380?
9
What is the millions digit of 84694637?
4
What is the ten millions digit of 3096314541?
9
What is the hundred thousands digit of 1392331894?
3
What is the units digit of 577306688?
8
What is the ten thousands digit of 1464104?
6
What is the hundred thousands digit of 10251979?
2
What is the ten millions digit of 21801965?
2
What is the thousands digit of 24707610?
7
What is the hundred thousands digit of 294628181?
6
What is the hundreds digit of 78391632?
6
What is the thousands digit of 10441680?
1
What is the ten millions digit of 78122998?
7
What is the tens digit of 309920231?
3
What is the hundred thousands digit of 49283265?
2
What is the ten thousands digit of 1620825807?
2
What is the millions digit of 5859300?
5
What is the ten thousands digit of 6769988573?
8
What is the ten millions digit of 1297703037?
9
What is the ten thousands digit of 3644873125?
7
What is the ten thousands digit of 314101872?
0
What is the ten millions digit of 122529504?
2
What is the millions digit of 198985367?
8
What is the thousands digit of 247187998?
7
What is the ten millions digit of 246138880?
4
What is the tens digit of 70911311?
1
What is the hundred thousands digit of 1381255974?
2
What is the units digit of 28068469?
9
What is the ten thousands digit of 3717737091?
3
What is the ten thousands digit of 124851563?
5
What is the hundred thousands digit of 55058244?
0
What is the hundred thousands digit of 85330076?
3
What is the thousands digit of 50068439?
8
What is the thousands digit of 1680177148?
7
What is the ten thousands digit of 62391086?
9
What is the thousands digit of 27033869?
3
What is the units digit of 212102917?
7
What is the hundreds digit of 20992252?
2
What is the ten millions digit of 703859551?
0
What is the ten millions digit of 4287987570?
8
What is the units digit of 177518318?
8
What is the millions digit of 9175060?
9
What is the hundred millions digit of 1866810301?
8
What is the ten millions digit of 90561482?
9
What is the millions digit of 17736711?
7
What is the tens digit of 184411991?
9
What is the ten thousands digit of 222116910?
1
What is the units digit of 1076237044?
4
What is the hundreds digit of 48830194?
1
What is the hundreds digit of 35591?
5
What is the millions digit of 191436412?
1
What is the thousands digit of 417421563?
1
What is the thousands digit of 165172972?
2
What is the tens digit of 488078057?
5
What is the tens digit of 1365616834?
3
What is the ten thousands digit of 398919334?
1
What is the hundred thousands digit of 2178846?
1
What is the hundred thousands digit of 2658011148?
0
What is the thousands digit of 46185046?
5
What is the tens digit of 2038132924?
2
What is the units digit of 459064973?
3
What is the hundreds digit of 994322160?
1
What is the hundreds digit of 130120058?
0
What is the hundreds digit of 444354672?
6
What is the ten millions digit of 868164173?
6
What is the hundreds digit of 1217897405?
4
What is the hundred millions digit of 1805388886?
8
What is the hundred thousands digit of 2221364?
2
What is the hundred thousands digit of 69171015?
1
What is the hundred millions digit of 2790413774?
7
What is the hundreds digit of 74046729?
7
What is the hundreds digit of 31117118?
1
What is the hundred thousands digit of 669463574?
4
What is the units digit of 29506986?
6
What is the ten millions digit of 4634179516?
3
What is the units digit of 325996829?
9
What is the thousands digit of 3273863893?
3
What is the thousands digit of 828767909?
7
What is the hundreds digit of 1028210127?
1
What is the tens digit of 1467581409?
0
What is the millions digit of 432442616?
2
What is the millions digit of 472837125?
2
What is the units digit of 79158051?
1
What is the tens digit of 740274691?
9
What is the ten millions digit of 17922563?
1
What is the hundred thousands digit of 48584529?
5
What is the units digit of 4593532368?
8
What is the millions digit of 1375156133?
5
What is the units digit of 179727807?
7
What is the hundred thousands digit of 2028964573?
9
What is the hundreds digit of 6044268?
2
What is the hundreds digit of 2539595131?
1
What is the thousands digit of 439997508?
7
What is the units digit of 457768785?
5
What is the ten millions digit of 517809453?
1
What is the hundreds digit of 33856184?
1
What is the tens digit of 76748728?
2
What is the ten millions digit of 75159268?
7
What is the thousands digit of 73225106?
5
What is the millions digit of 77950627?
7
What is the units digit of 152293244?
4
What is the ten millions digit of 3727951654?
2
What is the hundred millions digit of 1547673857?
5
What is the tens digit of 76572188?
8
What is the ten thousands digit of 97682933?
8
What is the tens digit of 310542033?
3
What is the ten millions digit of 113036644?
1
What is the millions digit of 6277624?
6
What is the units digit of 669787157?
7
What is the hundred millions digit of 507257263?
5
What is the millions digit of 47283183?
7
What is the ten millions digit of 537218189?
3
What is the tens digit of 2520210206?
0
What is the ten thousands digit of 5231557?
3
What is the tens digit of 242001887?
8
What is the thousands digit of 3873047581?
7
What is the units digit of 72917389?
9
What is the millions digit of 428289632?
8
What is the units digit of 2958598214?
4
What is the tens digit of 42815185?
8
What is the units digit of 1875870318?
8
What is the ten millions digit of 156637487?
5
What is the tens digit of 682586604?
0
What is the ten millions digit of 1926871694?
2
What is the hundred thousands digit of 79263272?
2
What is the ten thousands digit of 545252816?
5
What is the billions digit of 1621682223?
1
What is the millions dig